, -4*p + p + 3*s = -15. Let v = p - 4. Let o be v*-5*(-1)/3. Let c(w) = -w - 4. Determine c(o).
1
Let j be (2*3/2)/1. Suppose -3*y - j = -z + y, -2*y = -2*z + 12. Let c(p) = 3*p - 4*p - 6*p**2 - 4*p - z - p**3. Determine c(-5).
-7
Let a be (-1 + 3/6)/(1/8). Let k(z) = z + 3. Determine k(a).
-1
Suppose -2*k - 18 = u + 3*k, 3*u - 26 = 5*k. Let w = u + 3. Let f(b) = b**2 - 5*b - 1. What is f(w)?
-1
Let w(l) = -l**2 - 2*l + 5. Suppose -7*a = -8*a - 5. Calculate w(a).
-10
Let u(r) = -r - 5. Suppose 0 = 4*t - 1 + 21. Let c(x) = -x - 1. Let b be c(4). Let f = t - b. What is u(f)?
-5
Let w(o) = o**3 + 6789*o - 4 + 3*o**2 - 6789*o. Calculate w(-3).
-4
Let j(u) = 2*u + 3. Suppose -3*r - 14 = 5*v - 0*v, 5*v - 3*r + 26 = 0. What is j(v)?
-5
Let q(t) be the first derivative of 4*t**3/3 - t**2/2 - t + 15. What is q(-2)?
17
Let c(h) = -h**2 + 0*h**2 + 8*h + 0 + 0*h**2 - 1. Determine c(7).
6
Let x(w) = -19*w - 10*w - 15*w. Let s(p) = 9*p. Let q(t) = 24*s(t) + 5*x(t). Give q(2).
-8
Let j(z) = -4*z + 8 - 4 + 2 + 7*z**2 - 6*z**2. Let f be (5/(-4))/((-1)/(-4)). Let y = -1 - f. What is j(y)?
6
Let n be (-1)/1 - (-4 + 1). Let s(m) = -15*m + 24. Let i(u) = 3*u - 5. Let h(t) = 24*i(t) + 5*s(t). Calculate h(n).
-6
Let d(t) = -5 + 11*t + 12*t**2 + 19*t**3 - 18*t**3 + 0*t. Give d(-11).
-5
Let r(a) = a**2 - 10*a + 8. Suppose 45 = 10*z - 5*z. Calculate r(z).
-1
Let r = -137 - -140. Let j(g) be the first derivative of -7/2*g**2 + 3*g + 1/3*g**r + 1. Determine j(5).
-7
Let w(n) be the third derivative of -n**4/24 + 2*n**3/3 - 10*n**2. Suppose 4*o - 20 = 2*a, -a + 0*a = 2. Suppose 5 = 3*k - o*k. Determine w(k).
9
Let t(j) = -4*j + 50. Let d be t(13). Let b(a) = -12*a. Give b(d).
24
Let s be -1*(-1)/(-1)*2. Let h(k) = -k**2 - 5*k - 2. Give h(s).
4
Let a(g) be the first derivative of -g**4/4 - 7*g**3/3 - g**2 - 3*g + 5. What is a(-7)?
11
Let j be (2 + (-2)/4)*-2. Let g be (2/j)/(3/(-9)). Let n(x) = x + 2. Determine n(g).
4
Let h(s) = 13*s**2 - 6*s**2 + 5*s - 6*s**2 - 2 + 2*s. Determine h(-6).
-8
Let s(i) = i - 1 + 1 + 9*i**2. Suppose 19 = w + 20. What is s(w)?
8
Let b = 10 + -15. Let y(q) = 2*q**3 + 6*q**2 - 7. Let s(v) = -v**3 - v**2 + 1. Let u(l) = s(l) + y(l). What is u(b)?
-6
Let n(c) = c + 2. Let l(d) = d**2 - 7*d - 3. Let b be l(7). Give n(b).
-1
Let d(p) = 2*p**2 - 3*p + 1. Suppose v + 3*v - 12 = 0. Calculate d(v).
10
Let b = -43 - -37. Let l(c) = c + 1. Determine l(b).
-5
Let n(j) = -2*j**2 + 4*j + 5 + 4*j**2 + 1 - 3*j**2. Calculate n(6).
-6
Let m(o) = o**2 + 0 + 4 + 8. Let n be (24/(3 - 7))/2. Let z be n + (-2 - 0) + 5. Give m(z).
12
Suppose -30 = -z - 5*s - 0, -4*z - 2*s + 48 = 0. Let b(u) = -2 - 7 + u + z. Give b(-1).
0
Let q(r) = -r - 2. Let h(a) = -9*a - 10. Let i(x) = -h(x) + 6*q(x). Determine i(5).
13
Let n(q) = q**2 - q - 1. Let r = 6 - -1. Suppose 0 = -w - 2*p + 2, -5*w + 10 = 2*p - r*p. Determine n(w).
1
Let u(r) = -r**3 + 4*r**2 + 5*r + 4. Let p(t) = 12*t**2 - t + 1. Let d be ((-5)/(-10))/(1/2). Let s be p(d). Let m = s - 7. What is u(m)?
4
Let a be ((-4)/2)/(2/5). Let d(t) = t**2 + 7*t + 5. What is d(a)?
-5
Let j = -4 - 2. Let o(i) = i**2 + 5*i. Give o(j).
6
Let p be -3*4/6 - 1. Let t = 5 + p. Let v(h) = -3 - 6*h - 13*h**2 - 1 + 12*h**t. Determine v(-5).
1
Let u(j) be the third derivative of -j**5/60 + j**4/8 + j**3/6 - 2*j**2. Let g be u(3). Let f(v) = -1 + g + 1 + v**2. Give f(-1).
2
Let r(y) = -2*y - 12. Let t be r(-8). Let x(w) = -t + 3 + w + 4 + 0*w. What is x(-3)?
0
Let y = 9 + -23. Let q be (2 + 0)*(-21)/y. Let l(w) = -4*w + 4. Calculate l(q).
-8
Let w(o) = -o + 5. Let b be w(3). Suppose -4*g - 20 = v, b*g = -2*v - 3*v - 10. Let m(j) = -j**3 - 6*j**2 - 3*j + 5. What is m(g)?
-5
Let d(x) be the second derivative of 0 - 1/2*x**3 + x + 0*x**2. Let m(j) = -j**2 + 5*j - 6. Let l be m(4). Give d(l).
6
Let y be 52/12 - 4/(-6). Suppose -2*n + 3*w + 12 = w, 0 = -y*w - 15. Let i(g) = -g**3 + 2*g**2 + 2*g + 4. Calculate i(n).
1
Suppose -6 = 2*t + 2*b, -9 = -4*t + 4*b - 37. Let k = 6 + t. Let p(z) = 3*z**2 + z. Give p(k).
4
Suppose 0 = 4*u - 11 - 25. Let p be u*3/9*2. Let s(b) = -b**2 + 8*b - 9. Determine s(p).
3
Let t(f) = 1. Let k(j) = -3*j + 9. Let q(d) = k(d) - 2*t(d). Let o = 1 + 3. Suppose -o*s - 15 = -7*s. Calculate q(s).
-8
Let x be (-1)/((-2)/(-6))*3. Let l = x - -13. Let w be l + -7 + (-1)/1. Let a(z) = -z. What is a(w)?
4
Let y(j) be the third derivative of -j**6/120 + j**4/24 + j**3/3 + 17*j**2. Calculate y(0).
2
Let b(f) = f**3 + 3*f**3 - 2*f + 5*f**3 + f**2 - 2*f**3. Let z(j) = 0*j**2 - 2*j**2 - 2*j**3 + 3*j - 6*j**3. Let l(i) = 4*b(i) + 3*z(i). Give l(1).
3
Let z(a) = -10*a**2 + 15*a - 15. Let d(r) = -2*r**2 - 9*r + 6*r + 4*r**2 + 3. Let k(l) = -11*d(l) - 2*z(l). Give k(2).
-5
Suppose 5*g - 9 = 2*k + 2, -7 = k - 4*g. Let y(j) = j**3 + 4*j**2 + 2*j + 1. Let o be y(k). Let c(q) = q**3 - 6*q**2 + 4*q + 1. What is c(o)?
-15
Suppose -3*d - 1 = -5*i, 0 = -5*i + 4*i + d - 1. Suppose 4*k + i*u - 26 = 0, -k + 0*k - 4*u + 24 = 0. Let y(l) = -k + 3 - l - l**2 + 5. What is y(3)?
-8
Let d(v) = -2*v**3 + v**3 - v**2 - 1 + 2*v + 0*v**3. Suppose 0 = -0*k + 3*k - 3. Give d(k).
-1
Let y = 3 + -1. Let d(l) = 7*l**2 + 10*l - 14. Let w(z) = -3*z**2 - 5*z + 7. Let t(a) = y*d(a) + 5*w(a). Calculate t(-6).
1
Let k(c) = -9*c**3 - 2*c**2 - c. Suppose 3 = 3*f - 3*d, 3*f - d - 10 = -3. Suppose -9 = -6*o + f*o. Suppose o = j + 4. Calculate k(j).
8
Let r(m) = m**2. Let d(a) = 10*a**2 + 2*a + 1. Let n(g) = d(g) - 3*r(g). Give n(-1).
6
Let r(s) be the second derivative of s**4/12 + 2*s**3 + 11*s**2/2 - 14*s. Determine r(-11).
0
Suppose 5*p = 2*p - 4*s + 20, p + s = 7. Let t(a) = -2*a + p - 6 - 7. Determine t(-6).
7
Suppose 2*u = 0, 5*c + 5*u - 7 = 8. Let t(d) = d**3 - 2*d**2 - 5*d + 3. Determine t(c).
-3
Let a(p) = -3*p - 3. Let n be (-64)/(-24)*6/4. Determine a(n).
-15
Let n(d) = -25*d**3 + 2*d**2 - 11*d + 11. Let c(l) = 13*l**3 - l**2 + 6*l - 6. Let s(q) = 11*c(q) + 6*n(q). What is s(1)?
-6
Let i(s) = -s**2 + 7*s - 7. Let t be -1*(-2 - -3) + 6. Let v be i(t). Let j(n) = -3 + n + 6 + v + n**2. Calculate j(0).
6
Let u(p) = p**3 - 4*p**2 - 3*p - 5. Let h be u(5). Suppose 3*q = -h*n + 12 + 4, 3*q = -n + 8. Let d(w) = -w - 3*w + 4*w**n + 4 + w**3 - w. Calculate d(-5).
4
Let n(p) = 0*p - p**2 - 6 + 2*p - 3*p. Let t(a) = a**2 + 4*a - 1. Let k be t(3). Suppose j + 3*j - 4*z = -k, 2*j - 4*z = -20. Calculate n(j).
-6
Let j(i) = 6*i - 3*i + 7*i - 5 - 8*i. Determine j(6).
7
Let z(p) = -4 + 7*p + 4 - 2 - 8*p - p**2. What is z(0)?
-2
Let t(p) = -p + p**3 + 4*p**3 - 5*p**3 - p**3 + 3*p**2. Let x(v) = -v**2 + 1 - 2*v - 4*v**2 + 4*v**2. Let r be x(-2). Determine t(r).
1
Let v(i) = -4*i**3 - 3*i**2 - 4*i - 11. Let y(p) = 7*p**3 + 7*p**2 + 7*p + 21. Let x(k) = 5*v(k) + 3*y(k). Let j be (-3)/((-1)/2 - -1). What is x(j)?
2
Suppose 2*o - 5*o = -l, -3*l = -2*o. Let b(v) = -2*v**2 + 3*v + 3*v**2 - 2 - 1 + o - v**3. Determine b(2).
-1
Let y(b) = b**2 - b - 1. Let v(j) = 7*j**3 - 11*j**2 + 11. Let i(d) = d**3 - d**2 - d + 1. Let a(p) = 6*i(p) - v(p). Let w(t) = a(t) - 6*y(t). Calculate w(0).
1
Let l(c) = 7*c**3 - 11*c - 2. Let x(n) = -4*n**3 + 6*n + 1. Let t(r) = 3*l(r) + 5*x(r). Determine t(-2).
-3
Let f(x) = 40 - 4 - 20 + x. Give f(0).
16
Let v = 6 - 3. Let u(g) = g**3 - 3*g**2 - g + 3. Let l be u(v). Let n = 2 - l. Let j(q) = 4*q + 2. Calculate j(n).
10
Let h(u) = 7*u - 5. Let r(y) = -3*y + 3. Let o(l) = -2*h(l) - 5*r(l). Determine o(6).
1
Let f(h) = -h + 4. Let b(u) = 3*u**3 - u - 1. Let c be b(-1). Let g = -1 + c. Let k = g - 0. What is f(k)?
8
Let o(l) = -9. Let h(g) = g + 10. Let k(v) = 2*h(v) + 3*o(v). Determine k(5).
3
Let a(j) = 7*j + 23*j**2 + 3 - 2 - 53*j**2 + 25*j**2 - j**3. Give a(-6).
-5
Let w(z) = z - 1. Let p(j) = -5. Let f(l) = -p(l) + 2*w(l). What is f(-3)?
-3
Let v(m) be the first derivative of m**3/3 + 9*m**2/2 + 7*m - 10. Calculate v(-6).
-11
Let s be 2/5 + (-3)/(-5). Let j(l) = s + 1 + l**3 + 0*l**3 - 3. Give j(1).
0
Let s = -13 + 21. Suppose h - s = -h. Let l(a) = a**3 - 3*a - 2*a**3 - a**2 - 1 + h*a. Calculate l(1).
-2
Let n = -10 + 7. Let x(i) = 4*i - 1. What is x(n)?
-13
Let c = -8 - 2. Let b = -10 - c. Let l(p) = p**3 - p**2 - 6. Determine l(b).
-6
Let h(q) be the first derivative of q**5/40 + q**4/24 + 2*q**3 - 2. Let a(r) be the third derivative of h(r). Give a(1).
4
